o) = 454*o**3 + 5*o**2 - 19*o + 49. What is the ten thousands digit of r(3)?
1
Let n(i) = 3*i**2 + 10*i + 10. Suppose -7*g + 3*g + 16 = 0. Let z be (g/(-6))/(4/(-30)). What is the units digit of n(z)?
5
Suppose -2*i + 142796 - 23881 = 15*i. What is the units digit of i?
5
What is the units digit of (3 - -21)/(-12)*-1 - -7541?
3
Let a = 18632 + -9366. What is the units digit of a?
6
Suppose 10*j - 1236 - 6414 = 0. Suppose 11*b = 8*b - j. What is the tens digit of b*(4/(-6))/2?
8
Let r(b) = b**2 - 5*b - 10. Let m be (6/4)/3 - (-3)/2. Suppose 0 = -z - m*a + 4 - 2, 0 = -3*a - 12. What is the units digit of r(z)?
0
Let g(j) = 34*j**3 + j**2 - j - 10. Let k(q) = 3*q**2 - 15*q - 15. Let o be k(6). What is the tens digit of g(o)?
1
Let q(m) = -405*m**3 - m**2 + 17*m - 17. Let o be q(1). Let h = 491 + o. What is the units digit of h?
5
Let n = -24461 - -36392. What is the thousands digit of n?
1
Let b(a) = 7*a**2 + a + 2. Let x be b(-1). Suppose x = -3*u + 23. Suppose 97 - u = 4*r. What is the units digit of r?
3
Let k(o) = -2*o + 15. Let q be k(0). Suppose -3066 = -11*l + 344. Suppose -20*h = -q*h - l. What is the tens digit of h?
6
Let k = 42739 + -19043. What is the ten thousands digit of k?
2
Suppose 6*t = -157 + 2419. Let d = -134 + t. What is the units digit of d?
3
Suppose 14142*q = 14139*q + 63246. What is the units digit of q?
2
Suppose 0 = -i - 5565*d + 5570*d + 33873, -24 = 4*d. What is the thousands digit of i?
3
Let o(t) = -125*t - 56. Let k be o(-14). Let i = k + -1006. What is the units digit of i?
8
Suppose -5*p + 2*c = 65 - 193, 5*c - 76 = -4*p. Suppose 27*i = p*i + 414. What is the units digit of i?
8
Let r = -49 + 46. Let t(y) = y**2 + 5*y + 11. Let j be t(r). Suppose 4*q - 4*c - 293 = -85, q - j*c - 56 = 0. What is the units digit of q?
1
Suppose -19*w = -10143 - 14462. Suppose 12*s + w - 4787 = 0. What is the hundreds digit of s?
2
Suppose 71*u + 221746 - 1050884 = 0. What is the units digit of u?
8
Suppose -75 = -11*j + 189. Suppose -372 = j*b - 28*b. What is the units digit of b?
3
Let z = 4752 - 1183. What is the thousands digit of z?
3
Let l(f) = -f**3 - 9*f**2 + 11*f + 13. Let i be l(-10). Suppose -3*u + 9 = 0, -3*u + 1512 = i*h - 2*u. What is the tens digit of h?
0
Suppose 0 = 2*o - 1 + 3, 5*h - 2*o = 42. Suppose -131 - 237 = -h*m. What is the units digit of m?
6
What is the thousands digit of 272/238 - 65434/(-14)?
4
Let f be 6/(-27)*720/(-40). Suppose -4*q - 8 = f, 4*q = c - 1180. What is the thousands digit of c?
1
What is the units digit of 8/32 + (-64775)/(-4)?
4
Suppose -8*r = -17*r + 125667. Suppose r = -9*a + 1381. What is the tens digit of (a/(-15))/((-10)/(-25))?
3
Let z = 19276 + -11035. What is the hundreds digit of z?
2
Let y(x) = -2*x - 43. Let o be y(-23). Suppose 2*h + i = 337 - 116, o*i + 93 = h. Suppose 0 = -4*z + 6*z - h. What is the tens digit of z?
5
Let s = -14 + 19. Let l be 1067 + (-2 - -1 - (-6)/(-2)). Suppose -163 + l = s*d. What is the tens digit of d?
8
Let j(a) = 2*a**2 + 24*a + 24. Let y be j(-11). What is the units digit of 52 + 162 + (1 + y)*-1?
1
Let q = 32927 + 30712. What is the units digit of q?
9
Let c(s) = -2*s**2 - 4*s - 10. Let p(j) = -12 - j + 3*j**2 + 11 - 2*j**2. Let v(k) = c(k) + 3*p(k). What is the units digit of v(10)?
7
Let l(u) = 312*u + 1364. What is the hundreds digit of l(17)?
6
Let y(a) = -2*a + 26. Let v be y(7). Let x be (-1)/(-2)*-12*(-6)/v. Suppose 2*q + x*q - 15 = 0. What is the units digit of q?
3
Let m(q) = -14*q + 17. Let v be m(1). Suppose v*a - 4*a + 778 = 0. What is the hundreds digit of a?
7
Suppose 0 = -3*o - 2*b + 33676, -564*o = -559*o + 3*b - 56127. What is the thousands digit of o?
1
Suppose -46 = 17*q - 63. What is the hundreds digit of q + (-19)/((-171)/4770)?
5
Let w(t) = -25*t - 16. Suppose -5*h = -5*s + 45, -s + 4 = -4*h - 20. Let r be w(h). Suppose 5*n + r = 1044. What is the units digit of n?
7
Let n = 41 - 36. Suppose 0 = -z + 2*z - 3*g + 4, -n*z - 2*g + 31 = 0. Suppose 3 = 3*k + 9, 5*r = z*k + 450. What is the units digit of r?
8
What is the hundreds digit of (113274/(-8990))/((-2)/4430*-2214 - 1)?
9
Let m(a) = -23 + 56*a - 170*a - 180*a. What is the units digit of m(-2)?
5
Let n be (15/(-9))/(-5)*333. Let s = -106 + n. Suppose -350 = s*q - 7*q. What is the hundreds digit of q?
1
Let g = -4750 - -13049. What is the units digit of g?
9
Let z be -1*(2 + -3) + -2. Let b(n) = -502*n**2 + 20*n - 13. Let m(v) = -252*v**2 + 11*v - 7. Let r(f) = -6*b(f) + 11*m(f). What is the units digit of r(z)?
0
Suppose -8*v + 15 = -3*v. Suppose -5*u - 2*d + 3250 = 3*d, 5*u + v*d = 3248. What is the hundreds digit of u?
6
Let t = 9951 + -6605. What is the hundreds digit of t?
3
Suppose 0 = 3*y - 20*y - 1547. Let v = -51 - y. What is the units digit of v?
0
Let p(d) = 13*d**2 - 11*d + 40. Let c be p(-12). What is the units digit of c/21 - (-1)/((-3)/4)?
6
Suppose 5*w - r = 2*w + 49932, -4*w - 4*r = -66576. What is the ten thousands digit of w?
1
Suppose 19 = 7*u + 5. Suppose -3*m - s + 794 = 2*m, -157 = -m - u*s. What is the hundreds digit of m?
1
Let a(s) = s**2 - 11*s + 2. Let t be a(11). Let q(o) = -10*o + 2*o**t + 7 + 11 + 0. What is the tens digit of q(9)?
9
Suppose 2*n + 2*a - 5656 = 1042, 6692 = 2*n + 5*a. What is the thousands digit of n?
3
Suppose 68424 = 29*x - 330026 - 84806. What is the ten thousands digit of x?
1
Suppose -4*f - 2*x - 336 + 5248 = 0, -2*f + 2*x + 2468 = 0. Suppose 4*i - 2*i - 1560 = -5*d, 2*i = 4*d - f. What is the tens digit of d?
1
Let n = -14317 - -27774. What is the ten thousands digit of n?
1
Suppose 27108 = 52*v - 13972. Let y = 12 + -20. What is the units digit of (-8)/(-32) - v/y?
9
Suppose -49*i + 3216 = -41*i. Let g = 711 - i. Suppose 74*x - g = 71*x. What is the hundreds digit of x?
1
Suppose 0 = -4*x + 10*x - 432. Suppose 51*l = 47*l - x. Let d = l + 76. What is the units digit of d?
8
Suppose 11*d - 3*u - 2646 = 6*d, 5*d + 5*u = 2670. Let n = d + -288. What is the hundreds digit of n?
2
Let o = -41 + 57. Let r(f) = 7*f**2 - 45*f - 76. Let i be r(8). Suppose i*h = o*h - 592. What is the tens digit of h?
4
Let g(b) = 22*b - 326. Let q be g(17). Suppose q*k - 34500 = 25*k. What is the tens digit of k?
0
Let p be 2 + 42/36 - 1/6. Let i(d) = 14*d**3 - 2*d**2 + 2*d + 4. What is the tens digit of i(p)?
7
Suppose 31 + 74 = -5*k. Let o = -100 - k. Let b = -55 - o. What is the tens digit of b?
2
Suppose 19*z + 94 + 20 = 0. What is the tens digit of 39/(3/126*z/(-2))?
4
Let q(v) = 29*v**2 + 338*v - 28. What is the units digit of q(20)?
2
Let y(u) = 299*u**3 + 3*u**2 - 28*u + 79. What is the thousands digit of y(3)?
8
What is the hundreds digit of ((-104103)/(-43))/(6/4)?
6
Let b(c) = 5*c + 11. Suppose -4*i - 8 = -2*i. Let y be 7/i + (12/2)/(-24). What is the units digit of b(y)?
1
Suppose -4*f + 3*f = -6. Suppose f = -3*l + 15. Suppose -5*x = -4*g + 3*g - 302, -174 = -l*x + 3*g. What is the units digit of x?
1
Let l = -1861 + 8467. What is the thousands digit of l?
6
Suppose -7829*c = -7827*c - 68926. What is the thousands digit of c?
4
Let s(c) = -3*c**3 - 4*c**2 - 3. Let l be s(-3). Suppose 3*b + 3*m = l, 3*b = -4*m + 3*m + 44. What is the tens digit of (-8)/(-18)*b*(-108)/(-15)?
4
Suppose -5*y - 4*f + 11 = 0, 3*f = -y + 15 - 4. What is the hundreds digit of (-10 + 9)/(y/401)?
4
Let o(u) = -208*u**3 + 6*u**2 - 96*u - 446. What is the tens digit of o(-6)?
7
Suppose 357*b - 362*b - 8150 = 0. Let k = b + 2712. What is the thousands digit of k?
1
Let g = 5 + -1. Suppose -g*b - 2 = 70. Let q(l) = -9*l - 44. What is the hundreds digit of q(b)?
1
Let f(c) = -24*c - 108. Let j(x) = -3*x**2 + 6*x + 56. Let u be j(7). What is the units digit of f(u)?
8
Suppose -12*b + 24 = -192. Suppose 3*v + 2*r = -b + 1720, -r = -v + 559. What is the units digit of v?
4
Let a(j) = -j**3 - 23*j**2 - 24*j - 40. Let q be a(-22). Suppose -q*m = -2*y - 0*m + 48, 0 = -2*m. What is the tens digit of (-715)/(-20) - (-3)/y*2?
3
Suppose 38 = -4*h + 5*h. Suppose -70 = -2*u + h. Suppose -6*l - u = -336. What is the units digit of l?
7
Let q(x) = -2*x**2 - x**3 + 3*x + 4*x**3 - 3 - x. Suppose 18*c = 12*c + 18. What is the tens digit of q(c)?
6
Suppose 0 = -0*k + 5*k - 2430. Let r be k/(-12) - (-2)/(-1 + 5). Let w = r - -195. What is the hundreds digit of w?
1
Suppose -2*l